[INFO] cloning repository https://github.com/ZOXEXIVO/nowfile
[INFO] running `Command { std: "git" "-c" "credential.helper=" "-c" "credential.helper=/workspace/cargo-home/bin/git-credential-null" "clone" "--bare" "https://github.com/ZOXEXIVO/nowfile" "/workspace/cache/git-repos/https%3A%2F%2Fgithub.com%2FZOXEXIVO%2Fnowfile", kill_on_drop: false }`
[INFO] [stderr] Cloning into bare repository '/workspace/cache/git-repos/https%3A%2F%2Fgithub.com%2FZOXEXIVO%2Fnowfile'...
[INFO] running `Command { std: "git" "rev-parse" "HEAD", kill_on_drop: false }`
[INFO] [stdout] 687bfd7acc8801e270d61f70fe344891a91ab04e
[INFO] checking ZOXEXIVO/nowfile against master#e6e4f7ed1589e03bc2f6c5931c1a72e7947e8682 for beta-170-4
[INFO] running `Command { std: "git" "clone" "/workspace/cache/git-repos/https%3A%2F%2Fgithub.com%2FZOXEXIVO%2Fnowfile" "/workspace/builds/worker-6-tc2/source", kill_on_drop: false }`
[INFO] [stderr] Cloning into '/workspace/builds/worker-6-tc2/source'...
[INFO] [stderr] done.
[INFO] validating manifest of git repo https://github.com/ZOXEXIVO/nowfile on toolchain e6e4f7ed1589e03bc2f6c5931c1a72e7947e8682
[INFO] running `Command { std: CARGO_HOME="/workspace/cargo-home" RUSTUP_HOME="/workspace/rustup-home" "/workspace/cargo-home/bin/cargo" "+e6e4f7ed1589e03bc2f6c5931c1a72e7947e8682" "metadata" "--manifest-path" "Cargo.toml" "--no-deps", kill_on_drop: false }`
[INFO] started tweaking git repo https://github.com/ZOXEXIVO/nowfile
[INFO] finished tweaking git repo https://github.com/ZOXEXIVO/nowfile
[INFO] tweaked toml for git repo https://github.com/ZOXEXIVO/nowfile written to /workspace/builds/worker-6-tc2/source/Cargo.toml
[INFO] crate git repo https://github.com/ZOXEXIVO/nowfile already has a lockfile, it will not be regenerated
[INFO] running `Command { std: CARGO_HOME="/workspace/cargo-home" RUSTUP_HOME="/workspace/rustup-home" "/workspace/cargo-home/bin/cargo" "+e6e4f7ed1589e03bc2f6c5931c1a72e7947e8682" "fetch" "--manifest-path" "Cargo.toml", kill_on_drop: false }`
[INFO] running `Command { std: "docker" "create" "-v" "/var/lib/crater-agent-workspace/builds/worker-6-tc2/target:/opt/rustwide/target:rw,Z" "-v" "/var/lib/crater-agent-workspace/builds/worker-6-tc2/source:/opt/rustwide/workdir:ro,Z" "-v" "/var/lib/crater-agent-workspace/cargo-home:/opt/rustwide/cargo-home:ro,Z" "-v" "/var/lib/crater-agent-workspace/rustup-home:/opt/rustwide/rustup-home:ro,Z" "-e" "SOURCE_DIR=/opt/rustwide/workdir" "-e" "CARGO_TARGET_DIR=/opt/rustwide/target" "-e" "CARGO_HOME=/opt/rustwide/cargo-home" "-e" "RUSTUP_HOME=/opt/rustwide/rustup-home" "-w" "/opt/rustwide/workdir" "-m" "1610612736" "--user" "0:0" "--network" "none" "ghcr.io/rust-lang/crates-build-env/linux@sha256:19e73879b68f455e41552ea35293514db52ea292d993f571636dbffedb77a1ee" "/opt/rustwide/cargo-home/bin/cargo" "+e6e4f7ed1589e03bc2f6c5931c1a72e7947e8682" "metadata" "--no-deps" "--format-version=1", kill_on_drop: false }`
[INFO] [stdout] 9f41e80f28ae526911588b9f32cd43039f8c07cdb46e13ff659561a4f6a96e2e
[INFO] running `Command { std: "docker" "start" "-a" "9f41e80f28ae526911588b9f32cd43039f8c07cdb46e13ff659561a4f6a96e2e", kill_on_drop: false }`
[INFO] running `Command { std: "docker" "inspect" "9f41e80f28ae526911588b9f32cd43039f8c07cdb46e13ff659561a4f6a96e2e", kill_on_drop: false }`
[INFO] running `Command { std: "docker" "rm" "-f" "9f41e80f28ae526911588b9f32cd43039f8c07cdb46e13ff659561a4f6a96e2e", kill_on_drop: false }`
[INFO] [stdout] 9f41e80f28ae526911588b9f32cd43039f8c07cdb46e13ff659561a4f6a96e2e
[INFO] running `Command { std: "docker" "create" "-v" "/var/lib/crater-agent-workspace/builds/worker-6-tc2/target:/opt/rustwide/target:rw,Z" "-v" "/var/lib/crater-agent-workspace/builds/worker-6-tc2/source:/opt/rustwide/workdir:ro,Z" "-v" "/var/lib/crater-agent-workspace/cargo-home:/opt/rustwide/cargo-home:ro,Z" "-v" "/var/lib/crater-agent-workspace/rustup-home:/opt/rustwide/rustup-home:ro,Z" "-e" "SOURCE_DIR=/opt/rustwide/workdir" "-e" "CARGO_TARGET_DIR=/opt/rustwide/target" "-e" "CARGO_INCREMENTAL=0" "-e" "RUST_BACKTRACE=full" "-e" "RUSTFLAGS=--cap-lints=forbid" "-e" "RUSTDOCFLAGS=--cap-lints=forbid" "-e" "CARGO_HOME=/opt/rustwide/cargo-home" "-e" "RUSTUP_HOME=/opt/rustwide/rustup-home" "-w" "/opt/rustwide/workdir" "-m" "1610612736" "--user" "0:0" "--network" "none" "ghcr.io/rust-lang/crates-build-env/linux@sha256:19e73879b68f455e41552ea35293514db52ea292d993f571636dbffedb77a1ee" "/opt/rustwide/cargo-home/bin/cargo" "+e6e4f7ed1589e03bc2f6c5931c1a72e7947e8682" "check" "--frozen" "--all" "--all-targets" "--message-format=json", kill_on_drop: false }`
[INFO] [stdout] de04eb00a86097325851b7dc104608c6e53a7ace6d0e2d0ad4e4eaa3e6c652f8
[INFO] running `Command { std: "docker" "start" "-a" "de04eb00a86097325851b7dc104608c6e53a7ace6d0e2d0ad4e4eaa3e6c652f8", kill_on_drop: false }`
[INFO] [stderr]    Compiling libc v0.2.126
[INFO] [stderr]    Compiling autocfg v1.1.0
[INFO] [stderr]    Compiling proc-macro2 v1.0.43
[INFO] [stderr]    Compiling unicode-ident v1.0.3
[INFO] [stderr]    Compiling quote v1.0.21
[INFO] [stderr]    Compiling syn v1.0.99
[INFO] [stderr]    Compiling memchr v2.5.0
[INFO] [stderr]    Compiling log v0.4.17
[INFO] [stderr]     Checking once_cell v1.13.0
[INFO] [stderr]     Checking pin-project-lite v0.2.9
[INFO] [stderr]     Checking bytes v1.2.1
[INFO] [stderr]     Checking smallvec v1.9.0
[INFO] [stderr]    Compiling futures-core v0.3.21
[INFO] [stderr]    Compiling parking_lot_core v0.9.3
[INFO] [stderr]    Compiling serde_derive v1.0.142
[INFO] [stderr]    Compiling serde v1.0.142
[INFO] [stderr]     Checking itoa v1.0.3
[INFO] [stderr]     Checking futures-sink v0.3.21
[INFO] [stderr]    Compiling ahash v0.7.6
[INFO] [stderr]    Compiling futures-task v0.3.21
[INFO] [stderr]    Compiling futures-channel v0.3.21
[INFO] [stderr]    Compiling futures-util v0.3.21
[INFO] [stderr]    Compiling pkg-config v0.3.25
[INFO] [stderr]     Checking pin-utils v0.1.0
[INFO] [stderr]     Checking futures-io v0.3.21
[INFO] [stderr]     Checking http v0.2.8
[INFO] [stderr]     Checking tracing-core v0.1.29
[INFO] [stderr]    Compiling generic-array v0.14.6
[INFO] [stderr]     Checking tinyvec_macros v0.1.0
[INFO] [stderr]     Checking matches v0.1.9
[INFO] [stderr]    Compiling openssl v0.10.41
[INFO] [stderr]     Checking tinyvec v1.6.0
[INFO] [stderr]     Checking foreign-types-shared v0.1.1
[INFO] [stderr]    Compiling lock_api v0.4.7
[INFO] [stderr]    Compiling tokio v1.20.1
[INFO] [stderr]    Compiling slab v0.4.7
[INFO] [stderr]    Compiling indexmap v1.9.1
[INFO] [stderr]    Compiling httparse v1.7.1
[INFO] [stderr]     Checking foreign-types v0.3.2
[INFO] [stderr]     Checking form_urlencoded v1.0.1
[INFO] [stderr]     Checking subtle v2.4.1
[INFO] [stderr]     Checking tracing v0.1.36
[INFO] [stderr]     Checking ryu v1.0.11
[INFO] [stderr]    Compiling serde_json v1.0.83
[INFO] [stderr]     Checking unicode-bidi v0.3.8
[INFO] [stderr]    Compiling native-tls v0.2.10
[INFO] [stderr]     Checking openssl-probe v0.1.5
[INFO] [stderr]     Checking httpdate v1.0.2
[INFO] [stderr]    Compiling encoding_rs v0.8.31
[INFO] [stderr]    Compiling crc32fast v1.3.2
[INFO] [stderr]     Checking num_threads v0.1.6
[INFO] [stderr]     Checking local-waker v0.1.3
[INFO] [stderr]     Checking getrandom v0.2.7
[INFO] [stderr]    Compiling jobserver v0.1.24
[INFO] [stderr]     Checking signal-hook-registry v1.4.0
[INFO] [stderr]     Checking socket2 v0.4.4
[INFO] [stderr]     Checking mio v0.8.4
[INFO] [stderr]    Compiling time-macros v0.2.4
[INFO] [stderr]     Checking cpufeatures v0.2.2
[INFO] [stderr]     Checking alloc-no-stdlib v2.0.3
[INFO] [stderr]    Compiling zstd-safe v5.0.2+zstd.1.5.2
[INFO] [stderr]     Checking parking_lot v0.12.1
[INFO] [stderr]     Checking rand_core v0.6.3
[INFO] [stderr]    Compiling cc v1.0.73
[INFO] [stderr]     Checking alloc-stdlib v0.2.1
[INFO] [stderr]     Checking unicode-normalization v0.1.21
[INFO] [stderr]     Checking crypto-common v0.1.6
[INFO] [stderr]     Checking block-buffer v0.10.2
[INFO] [stderr]     Checking aho-corasick v0.7.18
[INFO] [stderr]     Checking hashbrown v0.12.3
[INFO] [stderr]    Compiling paste v1.0.8
[INFO] [stderr]    Compiling cfg-if v1.0.0
[INFO] [stderr]     Checking ppv-lite86 v0.2.16
[INFO] [stderr]     Checking digest v0.10.3
[INFO] [stderr]    Compiling regex-syntax v0.6.27
[INFO] [stderr]     Checking adler v1.0.2
[INFO] [stderr]     Checking base64 v0.13.0
[INFO] [stderr]    Compiling fnv v1.0.7
[INFO] [stderr]     Checking try-lock v0.2.3
[INFO] [stderr]     Checking mime v0.3.16
[INFO] [stderr]     Checking idna v0.2.3
[INFO] [stderr]     Checking want v0.3.0
[INFO] [stderr]     Checking rand_chacha v0.3.1
[INFO] [stderr]     Checking miniz_oxide v0.5.3
[INFO] [stderr]    Compiling bytestring v1.1.0
[INFO] [stderr]     Checking brotli-decompressor v2.3.2
[INFO] [stderr]     Checking actix-service v2.0.2
[INFO] [stderr]     Checking http-body v0.4.5
[INFO] [stderr]     Checking url v2.2.2
[INFO] [stderr]     Checking actix-utils v3.0.0
[INFO] [stderr]    Compiling num-traits v0.2.15
[INFO] [stderr]    Compiling cookie v0.16.0
[INFO] [stderr]    Compiling firestorm v0.5.1
[INFO] [stderr]     Checking static_assertions v1.1.0
[INFO] [stderr]     Checking tower-service v0.3.2
[INFO] [stderr]     Checking dlv-list v0.3.0
[INFO] [stderr]    Compiling parking_lot_core v0.8.5
[INFO] [stderr]    Compiling convert_case v0.4.0
[INFO] [stderr]    Compiling openssl-sys v0.9.75
[INFO] [stderr]    Compiling zstd-sys v2.0.1+zstd.1.5.2
[INFO] [stderr]     Checking smartstring v0.2.10
[INFO] [stderr]     Checking ordered-multimap v0.4.3
[INFO] [stderr]     Checking flate2 v1.0.24
[INFO] [stderr]     Checking rand v0.8.5
[INFO] [stderr]     Checking sha1 v0.10.1
[INFO] [stderr]     Checking num_cpus v1.13.1
[INFO] [stderr]     Checking dirs-sys v0.3.7
[INFO] [stderr]    Compiling num-integer v0.1.45
[INFO] [stderr]     Checking instant v0.1.12
[INFO] [stderr]     Checking xml-rs v0.8.4
[INFO] [stderr]     Checking language-tags v0.3.2
[INFO] [stderr]     Checking rxml_validation v0.8.1
[INFO] [stderr]     Checking wildmatch v2.1.1
[INFO] [stderr]    Compiling async-trait v0.1.57
[INFO] [stderr]     Checking dirs v4.0.0
[INFO] [stderr]     Checking rust-ini v0.18.0
[INFO] [stderr]     Checking brotli v3.3.4
[INFO] [stderr]     Checking unchecked-index v0.2.2
[INFO] [stderr]     Checking ipnet v2.5.0
[INFO] [stderr]     Checking parking_lot v0.11.2
[INFO] [stderr]     Checking twoway v0.2.2
[INFO] [stderr]     Checking hmac v0.12.1
[INFO] [stderr]     Checking sha2 v0.10.2
[INFO] [stderr]     Checking atty v0.2.14
[INFO] [stderr]     Checking time v0.1.44
[INFO] [stderr]     Checking hex v0.4.3
[INFO] [stderr]     Checking humantime v2.1.0
[INFO] [stderr]     Checking md5 v0.7.0
[INFO] [stderr]     Checking termcolor v1.1.3
[INFO] [stderr]     Checking object-pool v0.5.4
[INFO] [stderr]     Checking regex v1.6.0
[INFO] [stderr]     Checking chrono v0.4.19
[INFO] [stderr]     Checking env_logger v0.9.0
[INFO] [stderr]     Checking tokio-util v0.7.3
[INFO] [stderr]     Checking rxml v0.8.1
[INFO] [stderr]     Checking tokio-stream v0.1.9
[INFO] [stderr]     Checking actix-codec v0.5.0
[INFO] [stderr]     Checking minidom v0.15.0
[INFO] [stderr]    Compiling futures-macro v0.3.21
[INFO] [stderr]    Compiling openssl-macros v0.1.0
[INFO] [stderr]    Compiling actix-macros v0.2.3
[INFO] [stderr]    Compiling thiserror-impl v1.0.32
[INFO] [stderr]    Compiling derive_more v0.99.17
[INFO] [stderr]     Checking actix-rt v2.7.0
[INFO] [stderr]    Compiling maybe-async v0.2.6
[INFO] [stderr]     Checking thiserror v1.0.32
[INFO] [stderr]     Checking aws-region v0.25.1
[INFO] [stderr]     Checking tokio-native-tls v0.3.0
[INFO] [stderr]     Checking h2 v0.3.13
[INFO] [stderr]     Checking local-channel v0.1.3
[INFO] [stderr]     Checking actix-server v2.1.1
[INFO] [stderr]     Checking futures-executor v0.3.21
[INFO] [stderr]     Checking futures v0.3.21
[INFO] [stderr]     Checking time v0.3.12
[INFO] [stderr]     Checking serde_urlencoded v0.7.1
[INFO] [stderr]     Checking actix-router v0.5.0
[INFO] [stderr]     Checking serde-xml-rs v0.5.1
[INFO] [stderr]     Checking attohttpc v0.19.1
[INFO] [stderr]    Compiling actix-web-codegen v4.0.1
[INFO] [stderr]     Checking aws-creds v0.30.0
[INFO] [stderr]     Checking hyper v0.14.20
[INFO] [stderr]     Checking hyper-tls v0.5.0
[INFO] [stderr]     Checking reqwest v0.11.11
[INFO] [stderr]     Checking zstd v0.11.2+zstd.1.5.2
[INFO] [stderr]     Checking actix-http v3.2.1
[INFO] [stderr]     Checking rust-s3 v0.32.3
[INFO] [stderr]     Checking actix-web v4.1.0
[INFO] [stderr]     Checking actix-multipart v0.4.0
[INFO] [stderr]     Checking nowfile v0.2.0 (/opt/rustwide/workdir)
[INFO] [stdout] error[E0308]: mismatched types
[INFO] [stdout]   --> src/storage/client.rs:26:16
[INFO] [stdout]    |
[INFO] [stdout] 25 |         match self.bucket.get_object(path).await {
[INFO] [stdout]    |               ---------------------------------- this expression has type `Result<ResponseData, S3Error>`
[INFO] [stdout] 26 |             Ok((data, status_code)) => match status_code {
[INFO] [stdout]    |                ^^^^^^^^^^^^^^^^^^^ expected `ResponseData`, found `(_, _)`
[INFO] [stdout]    |
[INFO] [stdout]    = note: expected struct `ResponseData`
[INFO] [stdout]                found tuple `(_, _)`
[INFO] [stdout] 
[INFO] [stdout] 
[INFO] [stdout] error[E0308]: mismatched types
[INFO] [stdout]   --> src/storage/client.rs:26:16
[INFO] [stdout]    |
[INFO] [stdout] 25 |         match self.bucket.get_object(path).await {
[INFO] [stdout]    |               ---------------------------------- this expression has type `Result<ResponseData, S3Error>`
[INFO] [stdout] 26 |             Ok((data, status_code)) => match status_code {
[INFO] [stdout]    |                ^^^^^^^^^^^^^^^^^^^ expected `ResponseData`, found `(_, _)`
[INFO] [stdout]    |
[INFO] [stdout]    = note: expected struct `ResponseData`
[INFO] [stdout]                found tuple `(_, _)`
[INFO] [stdout] 
[INFO] [stdout] 
[INFO] [stdout] error[E0308]: mismatched types
[INFO] [stdout]   --> src/storage/client.rs:45:16
[INFO] [stdout]    |
[INFO] [stdout] 40 |           match self
[INFO] [stdout]    |  _______________-
[INFO] [stdout] 41 | |             .bucket
[INFO] [stdout] 42 | |             .put_object_with_content_type(&path, &file_content, &content_type)
[INFO] [stdout] 43 | |             .await
[INFO] [stdout]    | |__________________- this expression has type `Result<ResponseData, S3Error>`
[INFO] [stdout] 44 |           {
[INFO] [stdout] 45 |               Ok((_, status_code)) => match status_code {
[INFO] [stdout]    |                  ^^^^^^^^^^^^^^^^ expected `ResponseData`, found `(_, _)`
[INFO] [stdout]    |
[INFO] [stdout]    = note: expected struct `ResponseData`
[INFO] [stdout]                found tuple `(_, _)`
[INFO] [stdout] 
[INFO] [stdout] 
[INFO] [stdout] error[E0308]: mismatched types
[INFO] [stdout]   --> src/storage/client.rs:45:16
[INFO] [stdout]    |
[INFO] [stdout] 40 |           match self
[INFO] [stdout]    |  _______________-
[INFO] [stdout] 41 | |             .bucket
[INFO] [stdout] 42 | |             .put_object_with_content_type(&path, &file_content, &content_type)
[INFO] [stdout] 43 | |             .await
[INFO] [stdout]    | |__________________- this expression has type `Result<ResponseData, S3Error>`
[INFO] [stdout] 44 |           {
[INFO] [stdout] 45 |               Ok((_, status_code)) => match status_code {
[INFO] [stdout]    |                  ^^^^^^^^^^^^^^^^ expected `ResponseData`, found `(_, _)`
[INFO] [stdout]    |
[INFO] [stdout]    = note: expected struct `ResponseData`
[INFO] [stdout]                found tuple `(_, _)`
[INFO] [stdout] 
[INFO] [stdout] 
[INFO] [stdout] error: aborting due to 2 previous errors
[INFO] [stdout] 
[INFO] [stdout] 
[INFO] [stdout] For more information about this error, try `rustc --explain E0308`.
[INFO] [stdout] 
[INFO] [stdout] error: aborting due to 2 previous errors
[INFO] [stdout] 
[INFO] [stdout] 
[INFO] [stdout] For more information about this error, try `rustc --explain E0308`.
[INFO] [stdout] 
[INFO] [stderr] error: could not compile `nowfile` (bin "nowfile") due to 3 previous errors
[INFO] [stderr] warning: build failed, waiting for other jobs to finish...
[INFO] [stderr] error: could not compile `nowfile` (bin "nowfile" test) due to 3 previous errors
[INFO] running `Command { std: "docker" "inspect" "de04eb00a86097325851b7dc104608c6e53a7ace6d0e2d0ad4e4eaa3e6c652f8", kill_on_drop: false }`
[INFO] running `Command { std: "docker" "rm" "-f" "de04eb00a86097325851b7dc104608c6e53a7ace6d0e2d0ad4e4eaa3e6c652f8", kill_on_drop: false }`
[INFO] [stdout] de04eb00a86097325851b7dc104608c6e53a7ace6d0e2d0ad4e4eaa3e6c652f8
